e third derivative of 7*h**4/8 + 7*h**3 - 28*h**2. Let a be t(14). Let r = 477 - a. What is the tens digit of r?
4
Let f(a) = -2*a**3 + 55*a**2 + 1791*a - 4. What is the hundreds digit of f(-21)?
1
Suppose -w = -26*w - 12275. Let m = 727 + w. What is the hundreds digit of m?
2
Suppose 11*y - 6*y = -2*x + 42429, -5*x - 16960 = -2*y. What is the thousands digit of y?
8
Let y(o) = 2*o - 22. Let b be y(13). Let v(m) = 72*m - 18. What is the hundreds digit of v(b)?
2
Suppose 4*m - 15 = 17. Let t(v) = 8*v**2 - 5*v + 3. What is the units digit of t(m)?
5
Let q be (-5)/15*-24 + -2105. What is the units digit of (-4)/((-12)/(-9))*q/9?
9
Let z(p) = p**2 + 26*p + 1. Let t be z(-26). What is the units digit of 9/(-27)*(-292 + t)?
7
Suppose 0 = -2*b - 2*b + 3*h - 157, b + 2*h = -42. Let p = b + 43. Suppose -p*w + 101 = -2*w. What is the tens digit of w?
0
Let a be (-111)/(-7) + 12/672*8. Suppose -1073 = -a*h + 1535. What is the hundreds digit of h?
1
Suppose 0 = 3*h + 6, -2*b + 58 = 4*h - 6*h. Suppose -b + 161 = -5*p - q, 3*q = p + 30. Let w = p + 103. What is the units digit of w?
6
Let z(f) = -f**3 + 7*f + 8. Let i be z(3). Suppose i*t - 169 = -5*n - 9, -5*t - 5*n + 430 = 0. What is the units digit of t?
0
What is the hundreds digit of ((-114)/8)/(132/(-579392))?
5
Let l be ((-3)/1)/(6/88). Let t be (-5282)/11 - (-3 - 124/l). Let g = t - -712. What is the tens digit of g?
3
Let t = 21958 - 14728. What is the tens digit of t?
3
Let q(f) = -f**3 + 14*f**2 - 5*f - 45. Let j = 27 + -12. Suppose -j*l = -58 - 122. What is the tens digit of q(l)?
8
Let j(q) = -4*q + 20. Let m = 6 + 2. Let h be j(m). What is the tens digit of h/(-8) + 102/4?
2
Suppose 3*k - 5*y = 7, -k = k + 3*y - 11. Let n = -1204 + 1208. Suppose 0 = -k*p + 4*s + 184, -n*p - 177 = -8*p - 3*s. What is the units digit of p?
5
Let m(h) = -77*h - 4. Suppose -2*q + 0*q + 24 = -4*s, -4*s - 8 = 2*q. Let w(d) = d**2 - 3*d - 5. Let z be w(q). What is the units digit of m(z)?
3
Let x = -2933 - -3125. What is the units digit of x?
2
Suppose 31*r + 1840 = -9*r. Let q = 415 + r. What is the hundreds digit of q?
3
Let o = 7732 + -3001. What is the hundreds digit of o?
7
Let j(g) = -16*g - 40. Let f be j(-5). Suppose 39*n + 492 = f*n. What is the tens digit of n?
9
Suppose -8*o = 2*o - 30. Let h = -77 + 306. Suppose -h = -o*q + 38. What is the tens digit of q?
8
Suppose -4*l = 4*c - 3596, l - 879 = -57*c + 60*c. What is the units digit of l?
4
Let z be (3 + 35/(-10))/((-2)/12). Suppose -z*j + 5*b = j + 242, 0 = 3*j - 2*b + 178. Let q = j - -59. What is the units digit of q?
1
Suppose 0 = 3*z + 1 - 16. What is the units digit of 3*(-4)/(-3) + 1155/z?
5
Let y(k) = -12*k + 219. Let n be y(20). Let r(h) = -11*h - 167. What is the units digit of r(n)?
4
Suppose 44480 = 2888*r - 2872*r. What is the hundreds digit of r?
7
Let v(n) = 8 + 2*n - n - 6. Let f be v(3). Suppose f*b - 10*b = -355. What is the units digit of b?
1
Suppose 5*z - 39 = -3*b, z - 4*b + 18 = 2*z. Let w = z - -1. What is the units digit of 2*57 - (-8 - w/(-1))?
5
Let f = -97 - -20. Suppose 3*b - 5*k - 52 = 4*b, -5*b - 260 = -k. Let w = b - f. What is the units digit of w?
5
Let z = 279 + 1590. Suppose -3*c = -3*t + z, -3*t - 5*c = t - 2474. What is the tens digit of t?
2
Let n(y) = y**3 + 19*y**2 - 16*y - 91. Let d be n(-23). Let w = d - -2735. What is the hundreds digit of w?
8
Let p = 33693 + -16666. What is the hundreds digit of p?
0
What is the tens digit of 2/17 - (-9708240)/1020?
1
Let k(m) = m**2 - 18*m + 28. Let d be k(17). Suppose -4*l + 25 = 5*q, 6*q - 2*q = 3*l - d. What is the units digit of 2 - (1 + (q - 78))?
8
Suppose -15 + 1 = -7*i. Suppose i*a - 5*a - t = -185, 0 = -2*a + 5*t + 95. Suppose -38 = -2*d + a. What is the units digit of d?
9
What is the tens digit of 680/(-12)*-381 - (2 + -3)?
9
Suppose 0 = 19*u - 219 + 618. Let h = u - -1288. What is the thousands digit of h?
1
Let g = 245 + -176. Let k = g + 101. What is the hundreds digit of k?
1
Suppose 285 = -5*p - 2*n - 2342, -4*p - 4*n = 2092. Let y = -187 - p. What is the hundreds digit of y?
3
Suppose -5*u + 1405 = -5*o, -3*u + 2*u + 275 = 5*o. Suppose 3255 = -277*h + u*h. What is the hundreds digit of h?
0
Let l(j) = -j**3 + j**2 - j + 2. Let o be l(0). Suppose -3*i + o*i = 0. Suppose 296 = 4*d + 4*r, 0 = d - i*d - 4*r - 54. What is the tens digit of d?
7
Suppose 2*g - q = -6 - 22, -q = -4. Let u be (0 + g/9)*31707/(-26). Suppose 129 = 13*t - u. What is the units digit of t?
5
Let v(i) = i**3 + 3*i**2 - 7*i - 6. Let t be v(-4). Suppose 10*k - t = 7*k. Let m(l) = 10*l**3 - 2*l**2 + 3*l - 1. What is the tens digit of m(k)?
7
Let p be ((-64)/(-288))/((-1)/(-171)). Suppose -2*h = 3*u - 3582, -3588 = 35*u - p*u - 4*h. What is the hundreds digit of u?
1
Let x(w) be the third derivative of 1/30*w**5 + 0 + 15*w**2 + 0*w - 7/12*w**4 - 1/6*w**3. What is the units digit of x(8)?
5
Let l(t) be the third derivative of -11/24*t**4 - 41/6*t**3 - 10*t**2 + 0*t + 0. What is the units digit of l(-9)?
8
Suppose 0 = -3055*u + 3066*u - 66275. What is the units digit of u?
5
Suppose -33 = 2*k - 29, k - 38 = -4*r. Let p = 0 - 0. Suppose r*h - 3 - 17 = p. What is the units digit of h?
2
Let t be (1 - 16) + 10/(-10). Let z(i) = 23*i - 25 - 15 - 33*i. What is the hundreds digit of z(t)?
1
Suppose 0 = -62*v + 61*v + 69. Suppose 7*x - 629 = -v. Let d = x + -29. What is the tens digit of d?
5
Let x(i) = i - 1. Let c be x(-5). Let a be 88/c + -1*3/9. What is the tens digit of ((-9)/a)/(2/190)?
5
What is the hundreds digit of (3/(-2))/(14/35*15/(-26508))?
6
Let y = 736 - -9303. What is the tens digit of y?
3
What is the units digit of (5 + -321)/(1/(-6 + -20))?
6
Suppose -5*d = r + 463, -3*r + 445 = -5*d + 2*r. Let t = -100 - d. Let l = t + 190. What is the hundreds digit of l?
1
Suppose -39*u - 17*u + 116816 = 0. What is the tens digit of u?
8
Let l(t) = -t**3 - 12*t**2 - 3*t - 27. Let z be l(-12). Suppose -z*w = -w - 432. What is the units digit of w?
4
Suppose q + 3*a = 16, 22*a - 23*a = -4*q + 12. Suppose -342 = -2*b - d, 8*b - 3*b + q*d = 849. What is the units digit of b?
3
Suppose -v + 12 = 11*v. What is the hundreds digit of (-779)/82*(v - 19)?
1
Let f = 88 + -89. Let l be ((-2)/f)/(3/(660/8)). Let s = l + -36. What is the units digit of s?
9
Suppose 0 = -10*d + 3*d + 14. Suppose 3*s = -3*i - 291, 2*s + i + 203 = d*i. What is the units digit of (240/s)/(6/(-140))?
6
Suppose b - 20*b - 76 = 0. Let r(h) be the second derivative of -11*h**3/3 - 13*h**2/2 - 3*h. What is the tens digit of r(b)?
7
What is the tens digit of (-10 - (-696)/66) + 3877/11?
5
Suppose 2*t = 3*i - 913, 5*t - i + 1851 = t. Let s = -267 - t. Suppose -3*h + 220 = 5*y, 2*y + s = 3*h - 9. What is the units digit of h?
0
Suppose 0 = 3*h - 5*x - 52010, 5*x - 54906 = -2*h - 20291. What is the thousands digit of h?
7
Let u = 7091 + -614. What is the hundreds digit of u?
4
Let d = -524 - -475. What is the thousands digit of (d + 3631)*2/6?
1
Let f be (-1)/(-5) - (-72)/15. Let q be (-1)/(-1 - (-4)/f). What is the tens digit of 4*(-305)/(-100)*q?
6
Let y(o) = o**3. Let t(k) = 9*k**3 - 6*k**2 - k. Let i(m) = t(m) + 2*y(m). Let j(d) be the second derivative of i(d). What is the tens digit of j(3)?
8
Let z(l) = -3087*l - 838. What is the hundreds digit of z(-19)?
8
Let v(u) = -1 + 0 + 2*u + 3 - 16*u**2 + 15*u**2 - u**3. Let q be v(-2). Suppose 0 = -2*m - 3*x + 265, -4*x + 158 = -q*m + 402. What is the units digit of m?
8
Let z(l) = 21*l - 8. Let r be -70 - (-1 - (0 - 4)). Let t = -70 - r. What is the units digit of z(t)?
5
Suppose -u - 4 = 4*y, 25 = -8*u + 5*u + y. Let v = u - -15. Suppose -v*q + 133 + 168 = 0. What is the units digit of q?
3
Suppose 474 = 4*k - 5*d, k - 73 = 2*d + 47. Suppose 3*f = -5*h + 1837, -f = -h - 739 + k. What is the units digit of f?
9
Suppose 9*d = -3*d + 36. Suppose 5*m = -p + m + 1002, -2*p - d*m = -2014. What is the units digit of p?
0
Suppose -2*k + 1433 - 383 = 0. Suppose y + 91 = -4*c + k, c - y = 111. Suppose -4*t - c = -u, 5*u - 524 = t - 2*t. What is the units digit of u?
5
Suppose 2*f - 162 = -0*f + 2*q, 3*q = -12. Let i = -394 + 617. Suppose i = 2*t + f. What is the tens digit of t?
7
What is the tens digit of (-6814)/(-4) - (25/20)/((-5)/6)?
0
Suppose -14*b - 40 = -6*b. Let a(s) = 9*s + 46. Let m be